{"id":1044,"date":"2025-12-01T18:48:55","date_gmt":"2025-12-01T17:48:55","guid":{"rendered":"https:\/\/leakdetectionmalta.com\/?page_id=1044"},"modified":"2025-12-01T18:50:43","modified_gmt":"2025-12-01T17:50:43","slug":"localities-that-we-service","status":"publish","type":"page","link":"https:\/\/leakdetectionmalta.com\/?page_id=1044","title":{"rendered":"Localities that we Service"},"content":{"rendered":"\t\t<div data-elementor-type=\"wp-page\" data-elementor-id=\"1044\" class=\"elementor elementor-1044\">\n\t\t\t\t\t\t\t\t\t<section class=\"elementor-section elementor-top-section elementor-element elementor-element-22911855 elementor-section-boxed elementor-section-height-default elementor-section-height-default\" data-id=\"22911855\" data-element_type=\"section\">\n\t\t\t\t\t\t<div class=\"elementor-container elementor-column-gap-default\">\n\t\t\t\t\t<div class=\"elementor-column elementor-col-100 elementor-top-column elementor-element elementor-element-520388d\" data-id=\"520388d\" data-element_type=\"column\">\n\t\t\t<div class=\"elementor-widget-wrap elementor-element-populated\">\n\t\t\t\t\t\t\t\t<div class=\"elementor-element elementor-element-1bad88bf elementor-widget elementor-widget-text-editor\" data-id=\"1bad88bf\" data-element_type=\"widget\" data-widget_type=\"text-editor.default\">\n\t\t\t\t<div class=\"elementor-widget-container\">\n\t\t\t<style>\/*! elementor - v3.13.2 - 11-05-2023 *\/\n.elementor-widget-text-editor.elementor-drop-cap-view-stacked .elementor-drop-cap{background-color:#69727d;color:#fff}.elementor-widget-text-editor.elementor-drop-cap-view-framed .elementor-drop-cap{color:#69727d;border:3px solid;background-color:transparent}.elementor-widget-text-editor:not(.elementor-drop-cap-view-default) .elementor-drop-cap{margin-top:8px}.elementor-widget-text-editor:not(.elementor-drop-cap-view-default) .elementor-drop-cap-letter{width:1em;height:1em}.elementor-widget-text-editor .elementor-drop-cap{float:left;text-align:center;line-height:1;font-size:50px}.elementor-widget-text-editor .elementor-drop-cap-letter{display:inline-block}<\/style>\t\t\t\t<!-- wp:paragraph -->\n<p>We are proud to offer our services across <strong>all 68 Localities<\/strong> in the Maltese Islands, covering both the main island of <strong>Malta<\/strong> and the island of <strong>Gozo<\/strong>.<\/p>\n<!-- \/wp:paragraph --><!-- wp:heading {\"level\":3} -->\n<h3 class=\"wp-block-heading\">Island of Malta (54 Localities)<\/h3>\n<!-- \/wp:heading --><!-- wp:table -->\n<figure class=\"wp-block-table\">\n<table class=\"has-fixed-layout\">\n<tbody>\n<tr>\n<td><strong>Maltese Name<\/strong><\/td>\n<td><strong>Historical Name<\/strong><\/td>\n<\/tr>\n<tr>\n<td><a href=\"https:\/\/leakdetectionmalta.com\/?page_id=956\"><strong>\u0126&#8217;Attard<\/strong><\/a><\/td>\n<td>Attard<\/td>\n<\/tr>\n<tr>\n<td><a href=\"https:\/\/leakdetectionmalta.com\/?page_id=962\"><strong>\u0126al Balzan<\/strong><\/a><\/td>\n<td>Balzan<\/td>\n<\/tr>\n<tr>\n<td><strong>Il-Birgu<\/strong><\/td>\n<td>Vittoriosa (One of the Three Cities)<\/td>\n<\/tr>\n<tr>\n<td><a href=\"https:\/\/leakdetectionmalta.com\/?page_id=919\"><strong>Birkirkara<\/strong><\/a><\/td>\n<td>Birkirkara<\/td>\n<\/tr>\n<tr>\n<td><a href=\"https:\/\/leakdetectionmalta.com\/?page_id=1008\"><strong>Bir\u017cebbu\u0121a<\/strong><\/a><\/td>\n<td>Bir\u017cebbu\u0121a<\/td>\n<\/tr>\n<tr>\n<td><strong>Bormla<\/strong><\/td>\n<td>Cospicua (One of the Three Cities)<\/td>\n<\/tr>\n<tr>\n<td><strong>\u0126ad-Dingli<\/strong><\/td>\n<td>Dingli<\/td>\n<\/tr>\n<tr>\n<td><strong>Il-Fgura<\/strong><\/td>\n<td>Fgura<\/td>\n<\/tr>\n<tr>\n<td><a href=\"https:\/\/leakdetectionmalta.com\/?page_id=863\"><strong>Il-Furjana<\/strong><\/a><\/td>\n<td>Floriana<\/td>\n<\/tr>\n<tr>\n<td><strong>\u0126al G\u0127arg\u0127ur<\/strong><\/td>\n<td>G\u0127arg\u0127ur<\/td>\n<\/tr>\n<tr>\n<td><strong>\u0126al G\u0127axaq<\/strong><\/td>\n<td>G\u0127axaq<\/td>\n<\/tr>\n<tr>\n<td><strong>Il-Gudja<\/strong><\/td>\n<td>Gudja<\/td>\n<\/tr>\n<tr>\n<td><a href=\"https:\/\/leakdetectionmalta.com\/?page_id=901\"><strong>Il-G\u017cira<\/strong><\/a><\/td>\n<td>G\u017cira<\/td>\n<\/tr>\n<tr>\n<td><strong>Il-\u0126amrun<\/strong><\/td>\n<td>\u0126amrun<\/td>\n<\/tr>\n<tr>\n<td><strong>L-Iklin<\/strong><\/td>\n<td>Iklin<\/td>\n<\/tr>\n<tr>\n<td><strong>Il-Kalkara<\/strong><\/td>\n<td>Kalkara<\/td>\n<\/tr>\n<tr>\n<td><strong>\u0126al Kirkop<\/strong><\/td>\n<td>Kirkop<\/td>\n<\/tr>\n<tr>\n<td><a href=\"https:\/\/leakdetectionmalta.com\/?page_id=968\"><strong>\u0126al Lija<\/strong><\/a><\/td>\n<td>Lija<\/td>\n<\/tr>\n<tr>\n<td><strong>\u0126al Luqa<\/strong><\/td>\n<td>Luqa<\/td>\n<\/tr>\n<tr>\n<td><strong>Il-Marsa<\/strong><\/td>\n<td>Marsa<\/td>\n<\/tr>\n<tr>\n<td><a href=\"https:\/\/leakdetectionmalta.com\/?page_id=992\"><strong>Marsaskala<\/strong><\/a><\/td>\n<td>Marsaskala \/ Wied il-G\u0127ajn<\/td>\n<\/tr>\n<tr>\n<td><a href=\"https:\/\/leakdetectionmalta.com\/?page_id=1002\"><strong>Marsaxlokk<\/strong><\/a><\/td>\n<td>Marsaxlokk<\/td>\n<\/tr>\n<tr>\n<td><strong>L-Imdina<\/strong><\/td>\n<td>Mdina (Citt\u00e0 Notabile)<\/td>\n<\/tr>\n<tr>\n<td><a href=\"https:\/\/leakdetectionmalta.com\/?page_id=944\"><strong>Il-Mellie\u0127a<\/strong><\/a><\/td>\n<td>Mellie\u0127a<\/td>\n<\/tr>\n<tr>\n<td><strong>L-Im\u0121arr<\/strong><\/td>\n<td>M\u0121arr<\/td>\n<\/tr>\n<tr>\n<td><a href=\"https:\/\/leakdetectionmalta.com\/?page_id=925\"><strong>Il-Mosta<\/strong><\/a><\/td>\n<td>Mosta<\/td>\n<\/tr>\n<tr>\n<td><strong>L-Imqabba<\/strong><\/td>\n<td>Mqabba<\/td>\n<\/tr>\n<tr>\n<td><a href=\"https:\/\/leakdetectionmalta.com\/?page_id=907\"><strong>L-Imsida<\/strong><\/a><\/td>\n<td>Msida<\/td>\n<\/tr>\n<tr>\n<td><strong>L-Imtarfa<\/strong><\/td>\n<td>Mtarfa<\/td>\n<\/tr>\n<tr>\n<td><a href=\"https:\/\/leakdetectionmalta.com\/?page_id=931\"><strong>In-Naxxar<\/strong><\/a><\/td>\n<td>Naxxar<\/td>\n<\/tr>\n<tr>\n<td><strong>Ra\u0127al \u0120did<\/strong><\/td>\n<td>Paola<\/td>\n<\/tr>\n<tr>\n<td><strong>Pembroke<\/strong><\/td>\n<td>Pembroke<\/td>\n<\/tr>\n<tr>\n<td><strong>Tal-Piet\u00e0<\/strong><\/td>\n<td>Piet\u00e0<\/td>\n<\/tr>\n<tr>\n<td><a href=\"https:\/\/leakdetectionmalta.com\/?page_id=974\"><strong>\u0126al Qormi<\/strong><\/a><\/td>\n<td>Qormi (Citt\u00e0 Pinto)<\/td>\n<\/tr>\n<tr>\n<td><strong>Il-Qrendi<\/strong><\/td>\n<td>Qrendi<\/td>\n<\/tr>\n<tr>\n<td><a href=\"https:\/\/leakdetectionmalta.com\/?page_id=950\"><strong>Ir-Rabat, Malta<\/strong><\/a><\/td>\n<td>Rabat (Malta)<\/td>\n<\/tr>\n<tr>\n<td><strong>\u0126al Safi<\/strong><\/td>\n<td>Safi<\/td>\n<\/tr>\n<tr>\n<td><a href=\"https:\/\/leakdetectionmalta.com\/?page_id=895\"><strong>San \u0120iljan<\/strong><\/a><\/td>\n<td>St. Julian&#8217;s (includes Paceville)<\/td>\n<\/tr>\n<tr>\n<td><strong>San \u0120wann<\/strong><\/td>\n<td>San \u0120wann<\/td>\n<\/tr>\n<tr>\n<td><a href=\"https:\/\/leakdetectionmalta.com\/?page_id=937\"><strong>San Pawl il-Ba\u0127ar<\/strong><\/a><\/td>\n<td>St. Paul&#8217;s Bay (includes Bu\u0121ibba &amp; Qawra)<\/td>\n<\/tr>\n<tr>\n<td><strong>Santa Lu\u010bija<\/strong><\/td>\n<td>Santa Lu\u010bija<\/td>\n<\/tr>\n<tr>\n<td><strong>Santa Venera<\/strong><\/td>\n<td>Santa Venera<\/td>\n<\/tr>\n<tr>\n<td><strong>L-Isla<\/strong><\/td>\n<td>Senglea (One of the Three Cities)<\/td>\n<\/tr>\n<tr>\n<td><strong>Is-Si\u0121\u0121iewi<\/strong><\/td>\n<td>Si\u0121\u0121iewi (Citt\u00e0 Ferdinand)<\/td>\n<\/tr>\n<tr>\n<td><a href=\"https:\/\/leakdetectionmalta.com\/?page_id=878\"><strong>Tas-Sliema<\/strong><\/a><\/td>\n<td>Sliema<\/td>\n<\/tr>\n<tr>\n<td><strong>Is-Swieqi<\/strong><\/td>\n<td>Swieqi<\/td>\n<\/tr>\n<tr>\n<td><strong>\u0126al Tarxien<\/strong><\/td>\n<td>Tarxien<\/td>\n<\/tr>\n<tr>\n<td><a href=\"https:\/\/leakdetectionmalta.com\/?page_id=913\"><strong>Ta&#8217; Xbiex<\/strong><\/a><\/td>\n<td>Ta&#8217; Xbiex<\/td>\n<\/tr>\n<tr>\n<td><a href=\"https:\/\/leakdetectionmalta.com\/?page_id=860\"><strong>Il-Belt Valletta<\/strong><\/a><\/td>\n<td>Valletta (Capital City, Citt\u00e0 Umilissima)<\/td>\n<\/tr>\n<tr>\n<td><strong>Ix-Xg\u0127ajra<\/strong><\/td>\n<td>Xg\u0127ajra<\/td>\n<\/tr>\n<tr>\n<td><strong>\u0126a\u017c-\u017babbar<\/strong><\/td>\n<td>\u017babbar (Citt\u00e0 Hompesch)<\/td>\n<\/tr>\n<tr>\n<td><a href=\"https:\/\/leakdetectionmalta.com\/?page_id=980\"><strong>\u0126a\u017c-\u017bebbu\u0121 (Malta)<\/strong><\/a><\/td>\n<td>\u017bebbu\u0121 (Malta, Citt\u00e0 Rohan)<\/td>\n<\/tr>\n<tr>\n<td><a href=\"https:\/\/leakdetectionmalta.com\/?page_id=986\"><strong>I\u017c-\u017bejtun<\/strong><\/a><\/td>\n<td>\u017bejtun (Citt\u00e0 Beland)<\/td>\n<\/tr>\n<tr>\n<td><strong>I\u017c-\u017burrieq<\/strong><\/td>\n<td>\u017burrieq<\/td>\n<\/tr>\n<\/tbody>\n<\/table>\n<\/figure>\n<!-- \/wp:table --><!-- wp:heading {\"level\":3} -->\n<h3 class=\"wp-block-heading\">Island of Gozo (14 Localities)<\/h3>\n<!-- \/wp:heading --><!-- wp:table -->\n<figure class=\"wp-block-table\">\n<table class=\"has-fixed-layout\">\n<tbody>\n<tr>\n<td><strong>Il-Fontana<\/strong><\/td>\n<td>Fontana<\/td>\n<\/tr>\n<tr>\n<td><a href=\"https:\/\/leakdetectionmalta.com\/?page_id=1026\"><strong>G\u0127ajnsielem<\/strong><\/a><\/td>\n<td>G\u0127ajnsielem (includes Comino)<\/td>\n<\/tr>\n<tr>\n<td><strong>L-G\u0127arb<\/strong><\/td>\n<td>G\u0127arb<\/td>\n<\/tr>\n<tr>\n<td><strong>L-G\u0127asri<\/strong><\/td>\n<td>G\u0127asri<\/td>\n<\/tr>\n<tr>\n<td><strong>Ta&#8217; Ker\u010bem<\/strong><\/td>\n<td>Ker\u010bem<\/td>\n<\/tr>\n<tr>\n<td><strong>Il-Munxar<\/strong><\/td>\n<td>Munxar (includes Ix-Xlendi)<\/td>\n<\/tr>\n<tr>\n<td><strong>In-Nadur<\/strong><\/td>\n<td>Nadur<\/td>\n<\/tr>\n<tr>\n<td><strong>Il-Qala<\/strong><\/td>\n<td>Qala<\/td>\n<\/tr>\n<tr>\n<td><a href=\"https:\/\/leakdetectionmalta.com\/?page_id=1014\"><strong>Ir-Rabat (G\u0127awdex)<\/strong><\/a><\/td>\n<td>Victoria (Capital of Gozo, Citt\u00e0 Victoria)<\/td>\n<\/tr>\n<tr>\n<td><strong>San Lawrenz<\/strong><\/td>\n<td>San Lawrenz<\/td>\n<\/tr>\n<tr>\n<td><strong>Ta&#8217; Sannat<\/strong><\/td>\n<td>Sannat<\/td>\n<\/tr>\n<tr>\n<td><a href=\"https:\/\/leakdetectionmalta.com\/?page_id=1032\"><strong>Ix-Xag\u0127ra<\/strong><\/a><\/td>\n<td>Xag\u0127ra<\/td>\n<\/tr>\n<tr>\n<td><a href=\"https:\/\/leakdetectionmalta.com\/?page_id=1020\"><strong>Ix-Xewkija<\/strong><\/a><\/td>\n<td>Xewkija<\/td>\n<\/tr>\n<tr>\n<td><strong>I\u017c-\u017bebbu\u0121 (G\u0127awdex)<\/strong><\/td>\n<td>\u017bebbu\u0121 (Gozo, includes Marsalforn)<\/td>\n<\/tr>\n<\/tbody>\n<\/table>\n<\/figure>\n<!-- \/wp:table -->\t\t\t\t\t\t<\/div>\n\t\t\t\t<\/div>\n\t\t\t\t\t<\/div>\n\t\t<\/div>\n\t\t\t\t\t\t\t<\/div>\n\t\t<\/section>\n\t\t\t\t\t\t\t<\/div>\n\t\t","protected":false},"excerpt":{"rendered":"<p>We are proud to offer our services across all 68 Localities in the Maltese Islands, covering both the main island of Malta and the island of Gozo. Island of Malta (54 Localities) Maltese Name Historical Name \u0126&#8217;Attard Attard \u0126al Balzan Balzan Il-Birgu Vittoriosa (One of the Three Cities) Birkirkara Birkirkara Bir\u017cebbu\u0121a Bir\u017cebbu\u0121a Bormla Cospicua (One [&hellip;]<\/p>\n","protected":false},"author":1,"featured_media":0,"parent":0,"menu_order":0,"comment_status":"closed","ping_status":"closed","template":"","meta":{"footnotes":""},"class_list":["post-1044","page","type-page","status-publish","hentry"],"_links":{"self":[{"href":"https:\/\/leakdetectionmalta.com\/index.php?rest_route=\/wp\/v2\/pages\/1044","targetHints":{"allow":["GET"]}}],"collection":[{"href":"https:\/\/leakdetectionmalta.com\/index.php?rest_route=\/wp\/v2\/pages"}],"about":[{"href":"https:\/\/leakdetectionmalta.com\/index.php?rest_route=\/wp\/v2\/types\/page"}],"author":[{"embeddable":true,"href":"https:\/\/leakdetectionmalta.com\/index.php?rest_route=\/wp\/v2\/users\/1"}],"replies":[{"embeddable":true,"href":"https:\/\/leakdetectionmalta.com\/index.php?rest_route=%2Fwp%2Fv2%2Fcomments&post=1044"}],"version-history":[{"count":4,"href":"https:\/\/leakdetectionmalta.com\/index.php?rest_route=\/wp\/v2\/pages\/1044\/revisions"}],"predecessor-version":[{"id":1049,"href":"https:\/\/leakdetectionmalta.com\/index.php?rest_route=\/wp\/v2\/pages\/1044\/revisions\/1049"}],"wp:attachment":[{"href":"https:\/\/leakdetectionmalta.com\/index.php?rest_route=%2Fwp%2Fv2%2Fmedia&parent=1044"}],"curies":[{"name":"wp","href":"https:\/\/api.w.org\/{rel}","templated":true}]}}